?
11
Suppose -950 = -21*a + 2*a. Calculate the greatest common factor of a and 950.
50
Let y(z) = -z + 9. Let l be y(-12). Suppose 0 = -5*r - 4*h + 155, -5*h - 8 = -2*r + l. Calculate the greatest common divisor of r and 9.
9
Suppose 6*k - 4*v = 2*k + 212, -2*k - v = -103. Calculate the highest common divisor of k and 468.
52
Let u be (10/(-30))/((-1)/102). Let c = u - 15. What is the greatest common divisor of 209 and c?
19
Let c(r) = -r**3 - r - 12 + r**2 - 9*r - 8*r**2 + 0. Let t be c(-6). Calculate the greatest common factor of 108 and t.
12
Let h(r) = 7*r**2 + 12*r + 8. Let x be h(-4). Calculate the greatest common factor of 264 and x.
24
Let q(b) = b**2 - 29*b - 46. Let x be q(31). Let p(s) = -2*s + 1. Let o be p(-2). Let k be 41/o + 10/(-50). What is the greatest common factor of k and x?
8
Let h be -5*3*2/(-15). Let b(w) = -3*w + 5. Let s be b(0). Suppose 2*z - s*z + 54 = 0. Calculate the greatest common factor of h and z.
2
Suppose -4 = z + 2. Let h be ((-10)/z)/(2/126). Let r be (11/(-4) + 2)*-20. Calculate the highest common factor of h and r.
15
Let q be (-70)/(-21)*(-6)/(-4). Let a = q + 7. What is the greatest common factor of 12 and a?
12
Let b be (5 - -3) + 0 + -5. Calculate the highest common factor of 240 and b.
3
Let u(b) = -29*b - 71. Let r be u(-3). Let s(k) = k**3 - 5*k**2 + 4*k + 2. Let j be s(4). What is the greatest common divisor of j and r?
2
Suppose 7*l + 232 = 1240. Calculate the highest common factor of l and 9.
9
Let z = 29 + -47. Let c be ((-104)/3)/(12/z). What is the highest common divisor of 13 and c?
13
Let l be ((-56)/(-4))/(98/84). What is the greatest common divisor of 204 and l?
12
Suppose i = 2*r - 118, 37 = r + 4*i + i. Let w(k) = -k**3 - 29*k**2 - 126*k - 137. Let g be w(-25). Calculate the highest common factor of r and g.
57
Let l(v) = v**2 - 44*v + 405. Let s be l(8). Calculate the highest common factor of 153 and s.
9
Suppose -29*x + 30*x = 3. Suppose -4*q + 0*q = -3*h - 144, -3*q = -x*h - 105. What is the highest common divisor of q and 351?
39
Suppose 29 = 2*g - 31. Let f = 43 + -37. What is the highest common factor of f and g?
6
Let g be (-7 - -5)*(-78)/4. Let n be 1/5 + (1 - (-1016)/20). What is the greatest common divisor of n and g?
13
Suppose 35 = 4*z - 5. Suppose -446 = -z*q - 16. What is the highest common factor of q and 387?
43
Let q = -2 + 5. Suppose -q*v + 32 = 2. Let t be 5/(v/32) - 1. Calculate the highest common factor of 10 and t.
5
Suppose 144 = 5*u + 114. Let b = -55 + 109. Calculate the greatest common factor of b and u.
6
Let b(c) = 3*c**2 + 109*c - 45. Let n be b(-38). What is the highest common factor of n and 20?
5
Suppose -12 - 30 = 6*d. Let n = 13 + d. What is the highest common divisor of n and 30?
6
Suppose 0 = -5*p + 277 - 17. What is the highest common factor of p and 13?
13
Suppose 5*o = 3*o + 772. Let j = -260 + o. Calculate the highest common factor of 18 and j.
18
Suppose 4*r - 7139 - 1902 = -5*f, 2*f + 4*r = 3614. Calculate the greatest common factor of f and 27.
27
Suppose 5*h - 32 = 3*h. Let d = -67 + 99. What is the greatest common divisor of h and d?
16
Let r = 53 - 52. Let y be (-2 + 0)*r + 134. What is the greatest common factor of 12 and y?
12
Let d be ((-50)/4)/5*4. Let b(f) = -f**3 + 4*f**2 + 3*f + 6. Let k be b(5). Let a = k - d. Calculate the highest common factor of a and 48.
6
Suppose -5*q - 4*p - 320 + 1326 = 0, 8 = 2*p. Suppose 4*j - q = 162. Let t be (52/4 - 23)/(-1). Calculate the greatest common factor of j and t.
10
Suppose 0 = 4*b + 2*k + 254, -b - 2*k - 71 = -4*k. Let c = 66 + b. What is the greatest common divisor of 9 and c?
1
Let g be 2 - 4 - (-1 + (-2 - -1)). Let m be (24 - (1 - 2)) + g. What is the highest common divisor of 25 and m?
25
Let r(x) = 2*x**3 - x**3 - 42*x**2 - 3*x + 4 + 48*x**2. Let f be r(-6). What is the highest common factor of f and 11?
11
Let u(l) = -l**2 - 10*l + 188. Let a be u(-19). Calculate the highest common factor of 459 and a.
17
Suppose -2*u = -i + u - 123, 3*i - 5*u = -377. Let v = -94 - i. Calculate the greatest common divisor of v and 21.
7
Let t be 0 + 312/8 + (-6)/2. Let s(n) = 3*n + 6. Let a be s(6). Calculate the greatest common factor of a and t.
12
Let a be 126/(-84)*26*-2. Calculate the highest common divisor of a and 130.
26
Let x = 79 - 78. Calculate the highest common divisor of x and 4.
1
Let b(w) = 2*w**3 + 17*w**2 + 13*w - 2. Let h be b(-6). Let g = -45 + h. Calculate the highest common factor of 11 and g.
11
Suppose 127 + 873 = 10*r. Let o be (10*8/r)/((-2)/(-10)). What is the greatest common divisor of 4 and o?
4
Let n(r) = 2*r**2 - 9*r - 5. Let u be n(7). Let t(w) = 4*w + 25. Let g be t(-4). Suppose 0 = g*c + c - 750. Calculate the greatest common divisor of u and c.
15
Let l = 5 + -2. Let p be (6 + 3)/l + 132. Let a(t) = t**3 - 3*t**2 - t + 3. Let d be a(4). What is the greatest common divisor of p and d?
15
Let h = 94 + -54. Suppose 1 = -4*p + 2*p - 5*l, l + 5 = 2*p. Suppose -17 = -p*o + 15. What is the highest common divisor of o and h?
8
Let n = -2734 - -2749. Calculate the highest common divisor of n and 450.
15
Suppose 3*b - 2*s - 278 = 0, -5*b - 4*s = -0*s - 456. Let l be 10051/b + 10/(-8). Calculate the highest common divisor of l and 27.
27
Suppose 2*r + 8*r - 580 = 0. Let j = -38 + r. Calculate the highest common divisor of j and 10.
10
Let p be (-42)/63*(3525/(-6) - -1). Calculate the highest common divisor of 17 and p.
17
Let v be (0 + (-282)/9)/((-6)/(-9)). Let h = v - -52. What is the highest common factor of h and 20?
5
Let p(q) = -q**3 + 6*q**2 - 2*q. Let c be p(5). Let f be (-10)/c - 11/(-3). Let v(d) = 5*d - 3. Let n be v(6). What is the greatest common factor of n and f?
3
Let u be (((-1782)/12)/33)/(0 - (-1)/(-2)). Let a be (-1)/(1 - 0) + 19. Calculate the greatest common factor of a and u.
9
Suppose -152 = -4*r - 4*x, 10*x - 8*x - 43 = -r. Suppose -4*g + r = 13. What is the greatest common divisor of g and 5?
5
Let j(l) = l**3 - 6*l**2 - 7. Let a be j(7). Calculate the highest common divisor of a and 42.
42
Let q = -40 - -100. Let x = q + -28. What is the highest common divisor of 256 and x?
32
Suppose 458 = 4*s + g, -2*g + 223 + 233 = 4*s. Let l = s + -65. What is the greatest common divisor of l and 10?
10
Suppose 12 = -4*v, 34*v - 31*v = -2*m + 1959. What is the highest common factor of 24 and m?
24
Let p be (-3 - 1)*(-18)/(-8). Let y be 27/((p/(-12))/1). Suppose 2*a = 5*w + 25, -2*a + y + 19 = 5*w. What is the highest common divisor of 220 and a?
20
Suppose 8*s = 189 + 91. What is the greatest common factor of 70 and s?
35
Let x(v) = v**3 - 8*v**2 + v - 1. Let j be x(8). Let p be 8/(-40)*-5 + 6. What is the highest common divisor of j and p?
7
Suppose 245 - 91 = 11*i. Suppose 4*r - 4 = r - 2*u, 0 = 5*r - u - 11. Calculate the greatest common divisor of i and r.
2
Let i be 876/63 + (-8)/(-84). Calculate the greatest common divisor of i and 350.
14
Let y = -10 - -16. Suppose 4*z = -g + 93, -2 = -4*g - 14. Calculate the greatest common divisor of y and z.
6
Suppose 2*s - 3 = -s. Let j(i) = 11*i**2 - 2*i. Let r be j(1). Suppose r*b = -0*b + 18. Calculate the greatest common divisor of s and b.
1
Let r(x) = 191*x**2 - x. Suppose -32*l - 2 = -30*l. Let a be r(l). Suppose b + b = a. What is the greatest common factor of 12 and b?
12
Let n(o) = -3*o**2 + 73*o + 26. Let a be n(18). What is the highest common factor of a and 8?
8
Let c be (-3 + (-5 - -5))/((-3)/90). What is the greatest common divisor of c and 300?
30
Let c be 3918/10 + 8/40. Suppose -9*h + c = -h. Calculate the highest common divisor of h and 14.
7
Let z(t) = t**2 - 9*t + 26. Let l be z(4). Suppose 0 = -4*o - 0*o. Suppose -k + 9 = -o*k. What is the highest common factor of l and k?
3
Suppose 0 = -10*k - 813 + 23133. Calculate the highest common factor of k and 72.
72
Let h be 2 - (-337)/(-7) - (-3)/21. Let f = -28 - h. Calculate the greatest common factor of 45 and f.
9
Suppose 0 = 3*s - 7 - 2. Suppose 224 = -3*i + 2*d - 4*d, 3*i + 219 = s*d. Let g = i - -104. What is the greatest common factor of g and 15?
15
Let m = 178 + -167. What is the greatest common divisor of 209 and m?
11
Let j = 1181 + -1056. Calculate the highest common factor of 350 and j.
25
Suppose 0 = -k + 3 + 2, 4*k - 76 = -2*s. Suppose 